alculate the highest common factor of 228 and f.
12
Let x = 10 - 12. Let g = x - -11. What is the highest common divisor of g and 18?
9
Let p be 2/(-4)*2 + 116. Calculate the highest common factor of p and 46.
23
Let o be 2/4 + (-7)/14. Suppose o = -2*l + 5 + 3. Suppose -l*q + 255 = -q. Calculate the highest common factor of 34 and q.
17
Let s(f) = f**3 + 5*f**2 + 3*f + 2. Let i be s(-2). Let p be 4/(-22) - 340/(-55). Suppose 2*u + p*u = 640. What is the greatest common divisor of u and i?
8
Let b(h) = 10*h**3 + 3*h**2 + 3*h - 3. Let q be b(-4). Let v = -369 - q. Suppose 5*a - v = 3*a. What is the highest common factor of 17 and a?
17
Let n = -226 - -316. Suppose -z - 90 = -v, -v + 5*z + n = 6*z. What is the highest common factor of 10 and v?
10
Let p = 15 + -11. Let s = 40 - p. Calculate the highest common factor of s and 9.
9
Let n be -18*(0 + (-4)/12). Suppose -2*t - 16 = -n*t. What is the highest common factor of t and 12?
4
Let l(g) = 30*g. Let d = 11 + -9. Let k be l(d). Calculate the highest common factor of k and 10.
10
Suppose 3*x - 268 = -2*j, -3*x + 5*j = 2*x - 455. What is the greatest common divisor of 30 and x?
30
Let b(n) = n**3 + 7*n**2 - n + 7. Let r be b(-7). Let k = 129 - 31. Calculate the highest common divisor of r and k.
14
Let t be -1*2*12/(-8). Let n(v) = -v**3 + 4*v**2 - 3*v - 5. Let l be n(4). Let j = t - l. Calculate the highest common divisor of j and 5.
5
Let i(b) be the second derivative of -2*b**3/3 - 3*b**2/2 + 3*b. Let t be i(-7). Calculate the highest common divisor of t and 10.
5
Suppose 0 = 3*p + 4*h + 42, -3*p - 42 = -0*p - h. Let f = 11 - p. Suppose 2*k - f = -5*c + 63, 3*k = c - 21. Calculate the greatest common divisor of 12 and c.
6
Let r = 37 + -30. Calculate the highest common factor of 7 and r.
7
Let o be -2*((-3 - -2) + 0). Let j be (14/(-8) - 0)*-20. Suppose -5*v - j = -3*s - 2*s, -5*s + v + 15 = 0. What is the greatest common divisor of s and o?
2
Let m(n) = 18*n - 4. Let u be m(10). Calculate the greatest common divisor of u and 22.
22
Let t be 0 + 1 - (-13 - 0). Let h be (-1)/(-1 - -2) - -99. Calculate the highest common divisor of h and t.
14
Let v be (0 + -2)/((-1)/4). Let k = -430 - -446. Calculate the greatest common divisor of v and k.
8
Suppose h + 0*h = -5*t + 281, -3*h - 240 = -4*t. Let v = 15 - -23. Calculate the highest common divisor of t and v.
19
Let u = 49 + -3. Let s = -24 + 8. Let o = s + u. Calculate the greatest common factor of o and 15.
15
Let h be (5 + -1 - -35) + (-1 - -4). Calculate the greatest common divisor of h and 21.
21
Suppose 0 = -0*d - d + 20. Let g be 16/d*25/2. Let q = -10 + 20. What is the greatest common factor of g and q?
10
Suppose 0 = -3*m + 8*m - 135. Calculate the highest common divisor of m and 18.
9
Suppose 0 = -4*v - 3*q + 64, 4*v = 2*q - q + 64. Calculate the highest common factor of 16 and v.
16
Suppose 0 = 6*x - 21 - 75. Let q be 18/3*1/1. Let v be (1 + 31)*3/q. What is the highest common divisor of v and x?
16
Let d be 21 - (-12)/(-4)*-1. Let v = 41 - d. What is the greatest common factor of v and 153?
17
Let y(m) = 2*m + 1. Let q be y(1). Suppose -9 = -q*s - 0. Suppose 2*a - 14 = -2*f, -s*f + 3 = 5*a - 18. Calculate the highest common divisor of 63 and f.
7
Let a = 9 - 4. Suppose -4*i - 2 = 6, -4*h = a*i - 2. What is the greatest common factor of h and 24?
3
Suppose -5*c = -4*a - c + 72, 0 = 3*a - 5*c - 54. Suppose 2 = s, 0*s = -r + 3*s + a. Calculate the greatest common factor of r and 6.
6
Let y(z) be the first derivative of -10*z**3/3 - z**2/2 + 2*z + 3. Let t be y(-3). Let d = -28 - t. What is the greatest common divisor of d and 19?
19
Let r(j) = -j**3 - 5*j**2 + 5*j + 6. Let y be r(-6). Let g be (9/(-6))/(1/(-14)). Let m = g - y. What is the highest common divisor of 99 and m?
9
Let y = -6 - -27. Let m = 362 + -215. Calculate the highest common factor of m and y.
21
Let u(o) = 40*o**2 - o - 1. Suppose 2*a - 6 = 3*p + a, -8 = 2*p - 2*a. Let z be u(p). Suppose b - 5*b + z = 0. Calculate the greatest common factor of 30 and b.
10
Suppose 0 = -5*d - 3*p + 27, 0 = 3*d - 3*p + 4*p - 13. What is the highest common factor of 21 and d?
3
Let m be -3*(-4)/(-12)*-15. What is the highest common factor of 10 and m?
5
Suppose 0 = -3*v - 3*o - 115 + 592, -5*o = -4*v + 663. Suppose 5*b - 39 = 51. Calculate the greatest common factor of v and b.
18
Let l = -4 - -5. Let d = 2 + l. Let c be (0 + d)*(-14)/(-6). What is the greatest common divisor of 14 and c?
7
Let g be (189/7)/(3/2). Calculate the greatest common divisor of g and 12.
6
Let h(x) = 5*x + 14. Let c be h(-2). What is the highest common factor of c and 92?
4
Suppose -35 = -4*l - 7. What is the highest common divisor of 77 and l?
7
Let q be (-2)/(-3) - 2/3. Suppose 4*t = -q*t + 252. What is the highest common factor of 7 and t?
7
Suppose -3*m + 14 = -4*m + 4*y, 0 = -2*m + y. Let b(g) = -9*g - 4. Let o be b(-1). What is the greatest common factor of o and m?
1
Suppose 0 = 5*z - 20. Suppose 381 = z*b - 139. What is the greatest common factor of b and 13?
13
Suppose 5*s = -9 + 54. Suppose -s - 31 = -5*p. What is the greatest common factor of 88 and p?
8
Let b be (-4)/(-4) + 5*1. Suppose b*m = -7 + 31. Calculate the greatest common divisor of m and 4.
4
Let j(v) = -v**3 - v**2 + v + 3. Let d be j(0). Calculate the highest common factor of d and 21.
3
Let l = 88 - 52. Calculate the greatest common factor of l and 54.
18
Let w(q) = -9*q**3 - 2*q - 1. Suppose -4*f - 6 = p - 1, 2*p - 3*f = 1. Let x be w(p). What is the highest common factor of 10 and x?
10
Let j = 40 - 10. What is the highest common divisor of j and 30?
30
Let u = 3 + 1. Suppose 0 = -u*q - 1 + 17. Suppose -20 = -q*f - 8. Calculate the highest common divisor of 6 and f.
3
Suppose -2*a = -3*x - 20, 2*a = -0*x - 2*x. Suppose 0 = 2*o - a - 2. Suppose o*z - 2*z = 16. What is the greatest common divisor of 8 and z?
8
Suppose 0*x = 3*x - 276. Suppose 3*p - 5*p = 3*j - 54, x = 4*p + 2*j. Calculate the greatest common divisor of 7 and p.
7
Suppose -2*w = 3*w - 560. Suppose -4 = 2*p - 0*p, -j + 3*p = -10. Suppose 0 = j*u + u - 70. What is the greatest common divisor of u and w?
14
Suppose -3*x = -2*x - 2. Let a(i) = 10*i**2 - 4*i + 2. Let z be a(x). Calculate the highest common factor of z and 85.
17
Suppose 4*c - 29 = 111. Calculate the highest common factor of c and 5.
5
Let o = 55 - -2. Calculate the highest common factor of o and 38.
19
Suppose -123*q + 121*q = -56. Suppose z = 2*y - 97, 1 = -z + 2. Let u = -35 + y. Calculate the greatest common divisor of u and q.
14
Let x(z) = -2*z + 7. Let w be x(-7). What is the greatest common divisor of 7 and w?
7
Suppose -56 + 12 = -2*a - 2*s, 4*s = -8. Let z(n) = 2*n**2 + 2*n. Let l be z(2). Suppose -4*p + 44 - l = 0. Calculate the greatest common factor of a and p.
8
Let h = -16 + 16. Let a be -4 - -2 - (h - 20). Calculate the greatest common factor of 27 and a.
9
Let b = -1 + 13. Calculate the highest common factor of b and 120.
12
Let g be (-1 - 1)/(-10 - -6)*174. Calculate the greatest common factor of 3 and g.
3
Let t be (0 - -1)*(-4 + 6). Let y(w) = 2*w**3 - 4*w**2 + 3*w - 2. Let s be y(t). Calculate the highest common divisor of s and 36.
4
Let o(s) = -3*s. Let x be o(-3). Let v = -7 - -13. Suppose 30 = -f + v*f. Calculate the greatest common divisor of x and f.
3
Let j(t) = -t**2 + 5*t - 6. Let p be j(4). Let x = p - -3. Suppose -m + 4*m = 5*f + 12, -3*m + 4*f + 12 = 0. Calculate the greatest common divisor of m and x.
1
Let w = -10 + -4. Let l be 0 + 0 + 2 - w. Calculate the highest common factor of l and 2.
2
Suppose -o + p = -2*o, 2*p = -5*o + 15. Suppose 303 + 247 = o*t. Calculate the greatest common factor of t and 10.
10
Let a(p) = p**3 - 6*p**2 - 5*p + 4. Let l be a(6). Let o be 2/13 - 178/l. Let n(s) = s - 1. Let r be n(o). What is the highest common factor of 36 and r?
6
Suppose -2*b = -4*b + 68. Calculate the highest common divisor of 17 and b.
17
Let i be 4/10 - 28/20. Let n(x) = 12*x**2 - x - 1. Let h be n(i). Let b = h - -3. What is the greatest common factor of 60 and b?
15
Suppose -t + 2*t = -2. Let r be (t - 2)*(-1)/(-1). Let v be (9/4)/(r/(-96)). What is the highest common factor of v and 6?
6
Suppose -8*g + 13*g = 15. Let f be g/(3 + 135/(-48)). Calculate the greatest common